{"id":9,"date":"2025-03-10T09:46:03","date_gmt":"2025-03-10T09:46:03","guid":{"rendered":"https:\/\/detouttemps.ch\/?page_id=9"},"modified":"2025-03-16T10:41:19","modified_gmt":"2025-03-16T10:41:19","slug":"a-propos","status":"publish","type":"page","link":"https:\/\/detouttemps.ch\/index.php\/a-propos\/","title":{"rendered":"\u00c0 propos"},"content":{"rendered":"\n<p class=\"has-text-align-center\"><br><strong>De tout temps par tous les temps<\/strong><br>De son enfance dans une vall\u00e9e recul\u00e9e, berc\u00e9e par les valeurs de courage et de d\u00e9vouement familial, aux sommets<br>qu\u2019il a gravis, aux oc\u00e9ans qu\u2019il a travers\u00e9s, et aux d\u00e9serts<br>qu\u2019il a dompt\u00e9s, Jean-Philippe Patthey ouvre \u00e0 ses lecteurs<br>les portes de sa vie hors du commun. Cycliste, aventurier,<br>entrepreneur audacieux, mais surtout homme au grand<br>c\u0153ur, il raconte son incroyable parcours, marqu\u00e9 par<br>des d\u00e9fis physiques extr\u00eames et une r\u00e9silience \u00e0 toute<br>\u00e9preuve, malgr\u00e9 des obstacles de sant\u00e9 qui auraient pu le freiner.<br>Dans ce r\u00e9cit inspirant, il revient sur ses exploits : un<br>Tour de France solitaire, des travers\u00e9es p\u00e9rilleuses, et<br>m\u00eame une reconversion radicale pour vivre pleinement<br>ses r\u00eaves. Mais au-del\u00e0 de l\u2019aventure, c\u2019est le portrait<br>d\u2019un homme qui a choisi de donner un sens \u00e0 ses accomplissements,<br>en soutenant des enfants malades et en redonnant espoir \u00e0 ceux qui croisent son chemin. Cet ouvrage est une ode \u00e0 la vie, au courage et \u00e0 la qu\u00eate de sens. <br>\u00c0 travers ses r\u00e9cits \u00e9mouvants et ses r\u00e9flexions sinc\u00e8res, il invite \u00e0 embrasser ses r\u00eaves avec passion et \u00e0 trouver, dans chaque d\u00e9fi, une raison de s\u2019\u00e9lever.<\/p>\n\n\n\n<p><\/p>\n","protected":false},"excerpt":{"rendered":"<p>De tout temps par tous les tempsDe son enfance dans une vall\u00e9e recul\u00e9e, berc\u00e9e par les valeurs de courage et de d\u00e9vouement familial, aux sommetsqu\u2019il a gravis, aux oc\u00e9ans qu\u2019il a travers\u00e9s, et aux d\u00e9sertsqu\u2019il a dompt\u00e9s, Jean-Philippe Patthey ouvre \u00e0 ses lecteursles portes de sa vie hors du commun. Cycliste, aventurier,entrepreneur audacieux, mais surtout &hellip; <\/p>\n<p class=\"link-more\"><a href=\"https:\/\/detouttemps.ch\/index.php\/a-propos\/\" class=\"more-link\">Continuer la lecture<span class=\"screen-reader-text\"> de &laquo;&nbsp;\u00c0 propos&nbsp;&raquo;<\/span><\/a><\/p>\n","protected":false},"author":1,"featured_media":0,"parent":0,"menu_order":0,"comment_status":"closed","ping_status":"closed","template":"","meta":{"footnotes":""},"class_list":["post-9","page","type-page","status-publish","hentry"],"jetpack_sharing_enabled":true,"_links":{"self":[{"href":"https:\/\/detouttemps.ch\/index.php\/wp-json\/wp\/v2\/pages\/9","targetHints":{"allow":["GET"]}}],"collection":[{"href":"https:\/\/detouttemps.ch\/index.php\/wp-json\/wp\/v2\/pages"}],"about":[{"href":"https:\/\/detouttemps.ch\/index.php\/wp-json\/wp\/v2\/types\/page"}],"author":[{"embeddable":true,"href":"https:\/\/detouttemps.ch\/index.php\/wp-json\/wp\/v2\/users\/1"}],"replies":[{"embeddable":true,"href":"https:\/\/detouttemps.ch\/index.php\/wp-json\/wp\/v2\/comments?post=9"}],"version-history":[{"count":6,"href":"https:\/\/detouttemps.ch\/index.php\/wp-json\/wp\/v2\/pages\/9\/revisions"}],"predecessor-version":[{"id":1110,"href":"https:\/\/detouttemps.ch\/index.php\/wp-json\/wp\/v2\/pages\/9\/revisions\/1110"}],"wp:attachment":[{"href":"https:\/\/detouttemps.ch\/index.php\/wp-json\/wp\/v2\/media?parent=9"}],"curies":[{"name":"wp","href":"https:\/\/api.w.org\/{rel}","templated":true}]}}